ime factors of y?
2, 101
Let l(n) = -2*n**2 - 5*n + 2. Let x(o) = o**2 + o + 1. Let k(g) = -2*l(g) + 2*x(g). Let s be k(-3). What are the prime factors of 0 + ((-273)/14)/((-6)/s)?
2, 13
Let g = 385 + 6022. Suppose -497 - g = -8*u. List the prime factors of u.
863
Suppose 4*c + 22998 = 2*j, 3*j + 99*c = 101*c + 34485. What are the prime factors of j?
3, 1277
Suppose m - f + 9 = -2*f, -4*m - 2*f - 30 = 0. Let l(k) = -k**2 - 28*k - 51. List the prime factors of l(m).
3
Suppose 72069 = 11*y + 2689 - 40488. What are the prime factors of y?
2, 11, 227
Let x = 109 - 103. Suppose -231 = x*t - 2433. List the prime factors of t.
367
Let z(n) = -7*n**3 + 8*n**2 - 10*n + 1. Let y be z(4). Let i = 1480 + y. List the prime factors of i.
19, 59
Suppose 2*v = -2*v + 12, 1464 = 5*b + 3*v. Let g = b + 42. Suppose 4*i - 360 = -4*o, 2*i = -2*i + 5*o + g. What are the prime factors of i?
3, 29
Let u = 53 + 501. Let t be (80/30)/(8/12). Suppose -t*d = 5*w - 1610 + u, w - 217 = 5*d. What are the prime factors of w?
2, 53
Let j be 94 - 2/6*0. Let a = -322 - -324. List the prime factors of ((-4)/8*a)/((-1)/j).
2, 47
List the prime factors of (9 - 252/27) + (-90542)/(-6).
2, 3, 5, 503
Suppose 2*b - 3*b + 22 = 0. Let f(i) = -i**2 + 23*i + 24. Let p be f(b). Let m = -24 + p. What are the prime factors of m?
2, 11
Let x(p) = 9*p**3 - 432*p**2 + 92*p - 117. What are the prime factors of x(48)?
3, 1433
Let t be (-18)/63 - (-519)/(-21). Let n(x) = -6*x + 65. Let i be n(t). Let q = 478 - i. List the prime factors of q.
263
Let x be -2*(8/32)/(2/(-12)). Suppose 2*v - 3*v = -5*g + 7, 0 = -x*g - v + 1. List the prime factors of 68 + -3 + 6 - g.
2, 5, 7
Let g(q) = 2*q**2 - 10*q - 5. Suppose -m + 11 = -23. Suppose -5*z + 2*j + m = 0, -5*z + 4*j - 4 = -32. List the prime factors of g(z).
43
Let u(p) = 45*p + 1120. Let l be u(-14). Suppose -s - s + 60 = 0. Suppose 4*z - l = -s. List the prime factors of z.
5, 23
Let v be -3 + ((-10)/20)/((-2)/28). Suppose -4*m - 5*g = -52, -v*m + g = 17 - 45. What are the prime factors of m?
2
Suppose 2*t - 2*j - 35 = 43, 5*t + 5*j = 155. Suppose -2*p + 126 = 2*w, -5*w - 34 = -p - 1. Let o = t + p. List the prime factors of o.
3, 31
What are the prime factors of (510 - (5 + -10))/(2/214)?
5, 103, 107
Suppose 5*j - 13132 = -2*d, 0*j - 3*j + 2*d = -7876. What are the prime factors of (-4)/(141/(-329) - j/(-6160))?
2, 5, 11
Suppose 5*l = -11*s + 306999, -2*l + 47*s - 52*s = -122799. List the prime factors of l.
2, 11, 2791
Let f = -3103 + 5582. What are the prime factors of f?
37, 67
Suppose 5*d - 2*y - 168542 = 0, 117*d - 113*d = 3*y + 134835. What are the prime factors of d?
2, 3, 53
Let p(y) = 157*y**2 - 65*y + 504. What are the prime factors of p(7)?
2, 7, 79
Let w(u) be the third derivative of -1/120*u**6 + 0*u + 13/24*u**4 + 0 - u**2 - 1/5*u**5 + 25/6*u**3. What are the prime factors of w(-13)?
5
Let q(b) = 2*b**3 + 14*b**2 - 3*b - 18. Let o be q(-7). Let f(u) = 5*u**2 + 5*u - 7. What are the prime factors of f(o)?
53
Let j(o) = 6*o - 8. Let f be j(22). Suppose f*x = 117*x + 1736. List the prime factors of x.
2, 31
Let h(y) = 24*y - 251. Let c be h(18). Let t = c + 490. What are the prime factors of t?
11, 61
Let y be -4 - (-3 + (-5 - -429)). Let r = y - -870. What are the prime factors of r?
5, 89
List the prime factors of 11/(-44) + (-9933)/(-4).
13, 191
Let i = 97 - -1390. Suppose 3*p + i = 2*h - 141, 0 = 5*h - p - 4096. What are the prime factors of h?
2, 5, 41
Let s(n) = 14*n**2 - 24*n - 12. Let r = 328 - 335. What are the prime factors of s(r)?
2, 421
Let x = 0 - 0. Suppose x = 17*r - 14*r. Suppose -48*l + 50*l - 238 = r. What are the prime factors of l?
7, 17
List the prime factors of ((-1318)/6)/(3/(-9)).
659
Let a(w) = -64*w**3 - 17*w**2 - 166*w - 8. What are the prime factors of a(-8)?
2, 3, 5, 11
Let s(p) = -4*p - 19. Let l(m) = -m**3 - 4*m**2 + 6*m + 1. Let c be l(-5). Let n be (-50 - -2)/3 - c. List the prime factors of s(n).
29
Suppose -20*l + 37 = 237. List the prime factors of 4*((-4)/l)/((-4)/(-125)).
2, 5
Let j(y) = -y**3 + 14*y**2 + y - 6. Let g(u) = u**2 + u + 1. Let w(t) = 3*t + 12. Let a(r) = g(r) - w(r). Let l be a(6). What are the prime factors of j(l)?
2, 11
Let m be -617*(5/15)/((-3)/9). Suppose 0 = -4*k + m + 303. List the prime factors of k.
2, 5, 23
Let i be (-30)/70 - 6/(-14) - -22. Let o = i + -12. Let k = 29 + o. What are the prime factors of k?
3, 13
Let q = 5188 + -4083. List the prime factors of q.
5, 13, 17
Let u be (2 - 28/12) + 2072/6. Let m = u - -28. Suppose -427 = -5*g + m. What are the prime factors of g?
2, 5
Let o(m) = -m**3 - 30*m**2 + 36*m + 58. Let b be o(-31). List the prime factors of (-5)/2*(40/(-8) + b).
3, 5, 17
Suppose -3*n - 3*k = -39672, n - 18029 = -3*k - 4809. List the prime factors of n.
2, 17, 389
Let d(g) = -g**3 + 11*g**2 + 15*g - 34. Let m be d(12). Let b be 1239 - (7 - m) - 4. Suppose -3*y + 8*y = b. List the prime factors of y.
2, 3, 41
List the prime factors of 6178414/154 + 7 + (-159)/21.
3, 43, 311
Suppose 2*h - 104*u - 43844 = -103*u, -109611 = -5*h + 2*u. What are the prime factors of h?
11, 1993
Let g be 26/39 + 8/6. Suppose g*j - 3224 = -2*s + 346, -2*s = j - 1783. Suppose -4*b - 8 = 0, -j = -5*i - b - 339. List the prime factors of i.
2, 5, 29
Let m(d) = 24 + 22 + 24*d**2 - 13*d + 36 + 657*d**3 - 656*d**3. What are the prime factors of m(-24)?
2, 197
Let d(l) = -131*l - 37. Let g be d(-16). Let v = -1008 + g. What are the prime factors of v?
1051
Let j = -47919 + 71734. List the prime factors of j.
5, 11, 433
Let q(c) = c**3 - 58*c**2 - 101*c + 3084. What are the prime factors of q(61)?
2, 13, 311
Let f be 3*7/(-21) + 10/2. Suppose 244 = 4*x - 4*w, f*x - 2*w + 7 = 259. List the prime factors of x.
5, 13
Suppose 2*w = -z + 3*z + 248, -2*z - 244 = -w. Let b be (2/(-5))/(8/z). Let g(c) = c**3 + c**2 + 6*c + 3. What are the prime factors of g(b)?
3, 97
Suppose h + 3414 = -5*c - 0*c, -678 = c - h. Let m = -323 - c. What are the prime factors of m?
359
Let j = -101 - -7997. Suppose 0 = 4*a - 25*a + j. List the prime factors of a.
2, 47
Let d = -20 - -24. Let x be -1 + (5 - (d - 0)). Suppose x = h + 3*h - 204. List the prime factors of h.
3, 17
Let c(u) = -3 - 10*u - 3*u - 2. Let t = -4149 - -4139. What are the prime factors of c(t)?
5
Let x(w) = -2*w**3 - 168*w**2 + 167*w - 19. List the prime factors of x(-85).
2, 59
Let f(p) = -23*p - 10. Let i be f(-3). Let c = 72 - i. Suppose -1199 = -c*g - 94. What are the prime factors of g?
5, 17
Let d(n) = -n**3 + 6*n**2 + 22*n - 7 - 9*n**2 - 7. List the prime factors of d(-7).
2, 7
Suppose -76*y + 35*y = -33*y - 3704. What are the prime factors of y?
463
Let y(w) = 7*w - 14. Let i(d) = -21*d + 42. Let q(k) = 5*i(k) + 14*y(k). Let j(s) = -s**3 - 7*s**2 - 10*s - 10. Let m be j(-4). List the prime factors of q(m).
2, 5, 7
Suppose 4*q + 28 = 9*k - 6*k, 42 = 2*k + 2*q. Suppose 0 = 8*f + k*f - 6240. List the prime factors of f.
2, 5, 13
Suppose 8*s + 1638 = 5*s. Let v = -356 - s. List the prime factors of v.
2, 5, 19
Let i(a) = 99*a**2 + 7. Let k be 0 + (1 - -2) + (-8 - -8). List the prime factors of i(k).
2, 449
Suppose 54*h - 3*l - 1097226 = 39*h, 365749 = 5*h - 2*l. What are the prime factors of h?
193, 379
Suppose -8*b + 216 = -2*b. Let w = b + -34. Suppose 0 = 4*n + 2*u - 314, -n - w*n - 2*u = -238. List the prime factors of n.
2, 19
Let z = 8606 + -4990. What are the prime factors of z?
2, 113
Let v = 72766 - 51760. List the prime factors of v.
2, 3, 389
Let p = -3312 - -11188. List the prime factors of p.
2, 11, 179
Suppose -5*m + 719 = -1391. Suppose 2*a - 418 = 5*o, 0 = -2*a + 10*o - 7*o + m. What are the prime factors of a?
2, 107
Let d(a) be the second derivative of 31*a**3/6 + 17*a**2/2 + 15*a. Let u be d(-3). List the prime factors of 1/(((-16)/u)/4).
19
Let f be (5 + 161/14)*(-32)/(-6). Let a = f - -112. List the prime factors of 6*a/6 + -1.
199
Suppose 197*g = 1719534 - 508772. List the prime factors of g.
2, 7, 439
Let m(d) be the third derivative of -d**6/120 + 3*d**5/20 + 17*d**4/24 + 8*d**3/3 - 55*d**2. What are the prime factors of m(-7)?
3, 227
Let u(a) = 7*a**2 - 61*a - 59. List the prime factors of u(-58).
3, 7, 11, 13
List the prime factors of ((-44)/12 - -3)*(-98034)/4 - 5.
2, 8167
Suppose 0 = -139*q - 6*q + 2671045